13
Let m(y) = y**2 + 9*y. Let w(g) = -g - 6. Let l be w(4). List the prime factors of m(l).
2, 5
Let d(n) = 24*n**3 + n**2 - 2*n + 2. What are the prime factors of d(1)?
5
What are the prime factors of (-14 - -12)/((-1)/12)?
2, 3
Suppose 2*j = -0*j + 94. Let p = j - 24. List the prime factors of p.
23
Let y = -27 + 41. What are the prime factors of y?
2, 7
Suppose -4*x + 3 = -9*x + 3*a, x + 2*a - 2 = 0. Let i = 6 - -1. Suppose i = p - x. What are the prime factors of p?
7
Suppose -5*a + 4*x + 152 + 236 = 0, 3*a - 249 = -3*x. What are the prime factors of a?
2, 5
Let k(d) = -d**2 - 7*d - 3. Let p be k(-6). Let l(o) = 2*o + 1. What are the prime factors of l(p)?
7
Suppose 7 = 2*b - 1, -4*d + 28 = -3*b. Suppose 2*f - 3*q = 16, 8 = -0*q - 2*q. Suppose f*y - d = y. What are the prime factors of y?
2, 5
Let y = -11 - -27. Suppose 0 = 2*a - y - 66. Let p = a + -29. List the prime factors of p.
2, 3
Let l be 3/6*(3 - 1). Let b be ((-7)/(-7))/(l/3). Suppose 2*s + 3*z - 46 = 0, 3*s - 39 = -b*z + 24. List the prime factors of s.
17
Let a(k) = 127*k - 3. List the prime factors of a(1).
2, 31
Suppose -6*j + 11 + 7 = 0. List the prime factors of j + 0 + 24 + -3.
2, 3
Let l = 6 - 6. Suppose -5*a + 3*a + 10 = l. Suppose 0 = -2*w - 3*i + 13 + 6, -2*i - 38 = -a*w. What are the prime factors of w?
2
Suppose -5*s - 64 = -z, -3*z + 5*z - 5*s = 123. List the prime factors of z.
59
List the prime factors of (12/(-15))/(2/(-130)).
2, 13
Suppose -i = 2*i - 18. Let b(p) = -i*p**2 - 2*p + 2*p**3 + 5 - 2*p**3 - p**3. List the prime factors of b(-6).
17
Let l(o) = o - 3. Let w be l(5). Suppose -c + 17 = b + 2*c, w*b - 34 = -4*c. List the prime factors of b.
17
Suppose -5*y = 3*q - q - 16, -4*y = 5*q - 6. Suppose 0 = y*w - u - 67, 4*u = -3*w + 35 + 39. Suppose 3*c + w = 5*c. What are the prime factors of c?
3
Let t(x) = x**3 + 5*x**2 + 2*x + 1. Suppose c = -0 - 4. List the prime factors of t(c).
3
Let k(d) = -d + 5. Let s(a) = a**2 - 3. Let i be s(-3). Let q be k(i). Let z = q + 6. List the prime factors of z.
5
Let f(w) = w**2 - 1. Let u be f(2). Let m = u + -1. Suppose 4*s - 40 = 4*z - 8*z, 0 = -s + 3*z - m. List the prime factors of s.
7
Let s be (0/1 - 0) + 16. Suppose 0 = 8*m - 5*m - 21. Suppose f - m = s. What are the prime factors of f?
23
Let u = 47 - 23. Suppose -2*l + 4*k = -6*l + 28, 4*l + 2*k - u = 0. Suppose -l*x = -x - 64. What are the prime factors of x?
2
Let j = -21 + 29. What are the prime factors of j?
2
Let g(w) = 64*w**2 - w - 1. What are the prime factors of g(-1)?
2
Let q(h) = h**3 - 5*h**2 + 5*h - 1. Let s be q(4). Suppose 4*r - 3 = s*a, 2*r - 4*a = -0*r - 6. List the prime factors of r.
3
Let d = -17 - -20. Suppose 2*b - 2*g - 110 = 0, -d*b = 5*g - 165 + 32. List the prime factors of b.
3, 17
Suppose -2*g + 196 = -4*t + 46, 0 = g + 3*t - 95. What are the prime factors of g?
83
Let n(c) = c**2 - 2*c + 2. Let v be n(2). Let r be (3 - 3)*(-1)/v. Suppose 4*h + r*h + 2*k = 32, 33 = 3*h - 3*k. What are the prime factors of h?
3
Let i = 8 - 10. Let p = 15 + i. What are the prime factors of p?
13
Suppose -p = -0*p. Suppose -5*y - 122 + 37 = p. Let h = -3 - y. What are the prime factors of h?
2, 7
Let j = 11 + -11. Let p be (1 - (1 + -1)) + 1. Suppose l + j*l = p. What are the prime factors of l?
2
What are the prime factors of (-2 + 0 - -43) + 0?
41
Suppose 2*j + 15 = 4*z - j, -5 = j. Suppose z = -u + n + 62, n + 0*n - 109 = -2*u. What are the prime factors of u?
3, 19
Let h be (-4)/14 - 2/(-7). Suppose -5*a = -h*a - 25. What are the prime factors of a?
5
Let k = 0 - -2. Suppose -i + 2 + k = 0. List the prime factors of i.
2
Let g be 3 - -35*(0 + -9). What are the prime factors of ((-2)/(-3))/((-16)/g)?
13
Let p = 8 - 9. What are the prime factors of 2 + (p - (0 - 4))?
5
Let o(g) = g + 2. Let j be o(-2). Suppose -3*d - 2*d = j. Suppose d*w - 40 = -4*w. What are the prime factors of w?
2, 5
Suppose -2*w + 5 = -w. Let i = 3 + w. What are the prime factors of i?
2
Let j(w) be the first derivative of -w**2 - 6*w - 3. List the prime factors of j(-5).
2
Let a(m) = -2*m - 11. Let x be a(12). What are the prime factors of (4 - -1)*(-56)/x?
2
Suppose -4*z + 7 = -5, 5*z - 21 = 3*f. Let h = f + 12. List the prime factors of h.
2, 5
Let v(m) = m**2 - 12*m + 16. Let c be v(11). Suppose -8 = c*g - 6*g. What are the prime factors of g?
2
Suppose 289*h + 54 = 290*h. What are the prime factors of h?
2, 3
Let b(m) = m**2 + 9*m + 8. Let f be b(-7). What are the prime factors of 9/(-3)*1 - f?
3
Let n(t) = -t**3 + 8*t**2 - 4*t - 4. Let b(w) = -2*w**3 + 16*w**2 - 9*w - 9. Let f(s) = -2*b(s) + 5*n(s). List the prime factors of f(7).
3, 11
Suppose -3*i + 5 = 4*k, 3*i - i = -4*k + 6. List the prime factors of k.
2
Suppose 3*w = -4*l + 98, 0*w + 3*l = -3*w + 102. Let d = w - -6. List the prime factors of d.
2, 11
Let b(q) = 1 - q**3 - 4*q + 6*q**2 + 0*q**3 + 5*q + 2. What are the prime factors of b(6)?
3
Suppose 2*j + 0*j = 66. Let w be 24/9*j/4. Let b = -16 + w. What are the prime factors of b?
2, 3
Suppose -8*o + 756 = 148. What are the prime factors of o?
2, 19
Suppose -3*x = -2*x - 11. Let v = -5 + x. List the prime factors of v.
2, 3
Let g = 16 - 8. What are the prime factors of 104/6 + g/12?
2, 3
Let d = 16 + -24. List the prime factors of (-2)/d*5*16.
2, 5
Let j = -15 - 2. Let b = 5 + j. Let m = b - -25. What are the prime factors of m?
13
Suppose -2*l - l = 12. Let i = l - -33. What are the prime factors of i?
29
Suppose 3*z - z + 3*j = 19, -2*j + 31 = 5*z. Suppose -4*c + 3*l + 78 = -0*c, 0 = -z*c + l + 92. Let f = c + -12. List the prime factors of f.
2, 3
Suppose -2*p - 3*m = -220 + 69, -4*p = -4*m - 252. What are the prime factors of p?
2, 17
Let q be 2*5*12/10. Suppose 11 = 7*c - 10. Suppose -4*t + q = -c*t. What are the prime factors of t?
2, 3
Let o(t) = t**2 + 5*t + 2. Let f be o(-8). Let v = f + -18. List the prime factors of v.
2
Let v be 2/(-1) + 13 + 1. Suppose 8 = 4*c - v, 0 = -z + 2*c - 8. Suppose z*r + 7 = 15. List the prime factors of r.
2
Let x(r) = 7*r - 10. Let m be x(8). Let b = -29 + m. Suppose -33 = -5*n + b. List the prime factors of n.
2, 5
Let p(n) = 6*n + 16. Let w be p(-7). Let s = w + 49. What are the prime factors of s?
23
Let r be (1 - 2)/(2/2). List the prime factors of r/((-4)/(-4)) + 13.
2, 3
Let p = -24 - -22. What are the prime factors of p/4*228/(-3)?
2, 19
Let t = -21 - -40. Suppose j = 3*s - 2 - 2, 5*j - t = 2*s. List the prime factors of j.
5
Let y = -5 + 8. Suppose 5*s - 2*p - 35 = 0, -15 = -y*s + 5*s + 5*p. List the prime factors of (-2 + 5)*s/1.
3, 5
Let v be ((-1)/2)/((-6)/(-108)). Let i = -5 - v. What are the prime factors of i?
2
Let n(f) = -2*f + 23. List the prime factors of n(0).
23
Suppose 0 = 3*w + 2*w - 5*c + 10, 2*c + 2 = 5*w. Suppose 0 = -5*g - w*m + 20, 0 = -3*g + 5*m - 20 + 1. What are the prime factors of g?
2
Let j be 3 - 9*(0 - 4). Let c = 66 - j. List the prime factors of c.
3
Suppose 0 = -r + 2 - 3. Let h = r + 17. What are the prime factors of h?
2
Suppose 2*y + z + 3 = 0, -5 = 5*y - z + 6. Let a = 8 + y. What are the prime factors of a?
2, 3
Let m(y) be the first derivative of y**3/3 - 5*y**2/2 + 4*y + 4. List the prime factors of m(9).
2, 5
Suppose -3*n + 39 = 3*s, 4*n + 5*s = -38 + 93. What are the prime factors of n?
2, 5
Suppose 0*w + 2*w + 255 = 5*d, 2*w = 10. What are the prime factors of d?
53
Let q(d) = d + 1. Let j(g) = -29*g - 8. Let h(z) = j(z) + 6*q(z). What are the prime factors of h(-1)?
3, 7
Let o = -8 - -29. Suppose 3*m - 24 - o = 0. Let a = -4 + m. List the prime factors of a.
11
Suppose 3*z + 6 = 4*d, 5*d + 2*z + 8 = -2*z. Suppose 2*y = -4*t + 56, t = 5*y - d*y - 8. What are the prime factors of t?
2, 3
Suppose 5*i - i - b = 9, 0 = 4*i + b - 7. Suppose -3*h - 2*h + 15 = t, i*t - 10 = 0. Suppose 4*a - y - 7 = 29, -h*a - 5*y = 4. What are the prime factors of a?
2
Suppose -3*g + 5*u = -2*g + 11, -4*g + 40 = u. Let l be 2/(-5) - g/15. List the prime factors of (-21 - -2)/(1*l).
19
Suppose 5*j - 425 = -40. Suppose -3*w + 8 = -7. Suppose w*b - j = f, 0 = -b - 4*f + 22 + 6. What are the prime factors of b?
2
Suppose 2*y - 263 = 5*d, 4*y + 0*d = d + 499. Suppose -m = -5*m + y. What are the prime factors of m?
31
Suppose -7*k - 2*k + 423 = 0. List the prime factors of k.
47
Let z be (-671)/(-33) - 2